/7). What is the remainder when 4 - ((-539)/l + -3) is divided by 17?
16
Let d = 35 + -33. Let f = d + -5. Calculate the remainder when 37 is divided by f*((-58)/6 + (-9)/(-3)).
17
Suppose 5*s + 70 - 80 = 0. Suppose -v = 4*j - 8, -s*j + 3*v = -10 - 8. What is the remainder when 25 is divided by 4 + 6 + (0 - j)?
4
Suppose -3*x - 5*t - 1509 = -3871, -4*x - 3*t + 3153 = 0. What is the remainder when x is divided by 156?
9
Suppose -13*o = -4*o - 45. Suppose o*k + 2 = -18, -k = x - 27. Calculate the remainder when x is divided by 11.
9
What is the remainder when 194 is divided by (20 + 2)*((-19)/(-95) - (-36)/20)?
18
Suppose 7*j + 30 = -96. Let f = -18 - j. Suppose 2*g - 36 = -f*g. Calculate the remainder when g is divided by 5.
3
Let o(m) = -m**3 + 7*m**2 + 23*m - 25. Let d be o(9). Suppose 2*h = 5*g - 32 - 43, -d = 4*h. What is the remainder when 87 is divided by g?
9
Let b = -2635 - -2828. Calculate the remainder when b is divided by 61.
10
Let y(w) = 52*w + 1935. Calculate the remainder when y(44) is divided by 13.
11
Let u(p) = -p**3 - 14*p**2 + 34*p + 39. Suppose 20*m + 83 + 237 = 0. What is the remainder when 271 is divided by u(m)?
5
Suppose 2*l - 16 = -2*o - 6, 34*l - 4*o - 398 = 0. Let b be 41*(-2 + 3)/1. Suppose -b - 33 = -m. What is the remainder when m is divided by l?
8
Suppose -g + 12 = -3*u, -258*g - 5*u - 27 = -260*g. What is the remainder when 1138 is divided by g?
4
Suppose 110*i - 75*i + 140 = 0. Let c(k) = -k**2 - 6*k + 7. Calculate the remainder when 3/(2/(-26)*-1) is divided by c(i).
9
Suppose 0 = -4*i - 3*s + 314, s - 228 = -123*i + 120*i. What is the remainder when i is divided by 4?
2
Let d(f) = 6*f + 97. Let t be d(-11). Suppose -t*p + 22*p + 1395 = 0. Calculate the remainder when p is divided by 79.
76
What is the remainder when 762 is divided by (-24*(-4)/7)/(22/77)?
42
Suppose -78*d = -57*d - 80304. Calculate the remainder when d is divided by 75.
74
Suppose 6*r - 3*r - 5*g - 3401 = 0, 2*r = 4*g + 2270. What is the remainder when r is divided by 94?
93
Let i(l) = 2*l**3 - 20*l**2 - 140*l + 626. What is the remainder when i(14) is divided by (94/(-4))/((-2)/4)?
46
Suppose -50*w - 3426 + 36186 = 40*w. What is the remainder when w is divided by 37?
31
Let x(i) = 2*i**3 + 6*i**2 - 13*i - 5. Let h(c) = 3*c**2 + 6*c + 4. What is the remainder when x(3) is divided by h(-3)?
12
Suppose -w - w = 0. Suppose -14*v + 11*v + 237 = w. Suppose 3*k = 226 - v. What is the remainder when k is divided by 13?
10
Suppose -4*x + 3*n + 2559 = 0, 10*n = x + 9*n - 641. What is the remainder when x is divided by 15?
6
Let i = 2056 + -1830. What is the remainder when i is divided by 25?
1
Let k = 40 + -27. Suppose -165*d + 3*h - 1194 = -4188, 4*d - 5*h = 112. Calculate the remainder when d is divided by k.
5
What is the remainder when 572 + -3 + ((-4)/3 - (-26)/6) is divided by 5?
2
Let y(k) = -4*k + 3. Let a = -2776 + 2862. Calculate the remainder when a is divided by y(-3).
11
Calculate the remainder when 71 is divided by 3/(-3)*39/((-6)/6).
32
Suppose 14 = t - 3*t. Let n be (-27)/t - 2/(-14). Calculate the remainder when (-5 + n + -2)/((-15)/440) is divided by 18.
16
Let b = -17438 - -17518. What is the remainder when 442 is divided by b?
42
Let i(j) = 265*j + 5938. Calculate the remainder when 794 is divided by i(-21).
48
Suppose -z = -15 - 16. Let h(x) = -x**2 + 2*x + 9. Let y be h(4). Calculate the remainder when z is divided by ((-3)/(-9))/(y/24).
7
Suppose 2*k + 810 = -k. Let x = k + 303. Calculate the remainder when x is divided by 12.
9
Suppose 337 + 3113 = 66*s - 41*s. What is the remainder when s is divided by 35?
33
Suppose -760480 = 277*t - 469*t - 368*t. What is the remainder when t is divided by 187?
49
Let f = -997 + 447. Calculate the remainder when (7 - 7) + f/(-1) is divided by 46.
44
Let s = 26728 - 20143. What is the remainder when s is divided by 36?
33
Suppose -27101 = -17*j + 51339 - 10627. Calculate the remainder when j is divided by 42.
41
Calculate the remainder when 968 is divided by 27 + (-36 + 37)/((-2)/16).
18
Suppose 66 = v + 3*s, 271 = 6*v - 2*v + 5*s. Suppose -2*k + 261 = 1583*f - 1580*f, -5*k + 3*f = -726. What is the remainder when k is divided by v?
3
Suppose 2*d + 9*m - 7 = 12*m, 0 = -d + 5*m + 14. Calculate the remainder when 170 is divided by (-21)/(-42) + (37/(-2))/d.
18
Let f = 30333 - 30168. What is the remainder when 425 is divided by f?
95
Let j(m) = -29 - 2*m + 6*m - 24. Calculate the remainder when 344 is divided by j(17).
14
Suppose -22049*p + 21450 = -22024*p. What is the remainder when p is divided by 82?
38
Let c = 2847 - 2824. Suppose 2*w + 40 = 5*s, 3*s - s - 3*w - 16 = 0. What is the remainder when c is divided by s?
7
Suppose 1 = 2*f - 7*f - o, 3*f + 4*o = 13. What is the remainder when (76 - -4)*(-6)/(-5) is divided by f/(76/(-330) + 7/35)?
30
Let z = 180 + -94. Suppose 457 - 275 = 14*l. Calculate the remainder when z is divided by l.
8
Suppose 7*p = 11*p + 8. Let z = -2 - p. Suppose z = -2*l - 0*l + 82. Calculate the remainder when l is divided by 14.
13
Suppose 11*l - 6644 = -5885. What is the remainder when 4269 is divided by l?
60
Suppose -j + 327 = -2*d, 0 = -3*j + 24*d - 26*d + 989. What is the remainder when j is divided by 37?
33
Let x = -161 - -137. Let p = -16 - x. Calculate the remainder when 126 is divided by p.
6
Suppose 14*s - 341*s + 8261 = -568. What is the remainder when 1104 is divided by s?
24
Suppose 0 = -3*g - 1 - 20. Calculate the remainder when 31 is divided by (-4 - (4 + g))/((-2)/8).
3
Suppose w - 2330 = -4*d, 2*d - 2*w - 1764 + 614 = 0. What is the remainder when d is divided by 146?
143
Let s be 214*(3/(-2))/(-3). Let v = 179 - s. Suppose -2*h = -5*a + 185, 10*a - 15*a + 3*h + 185 = 0. Calculate the remainder when v is divided by a.
35
Let c(y) = -14*y - 157. What is the remainder when c(-41) is divided by 11?
10
Suppose -6 - 6 = -6*t. Suppose -3*c - 5*m + 271 = 0, -2*c + 3*m + 164 = -t*m. Calculate the remainder when c is divided by 2 - (-1 - -4) - -45.
43
Calculate the remainder when (1949/(-2))/(226/12 - 19) is divided by 90.
87
Suppose -3*c = 0, 60 = j + 5*c - 7*c. Calculate the remainder when 346 is divided by j.
46
What is the remainder when 1728/(-30)*(-240)/18 - (-1 - -6) is divided by 96?
91
Let o(r) = 15*r**3 + 23*r**2 - 26*r + 2. Calculate the remainder when 8693 is divided by o(1).
13
Let s(v) be the first derivative of 2*v**3 - 2*v**2 - 2*v - 88. What is the remainder when 153 is divided by s(3)?
33
Suppose -2*a - 8*v + 456 = -4*v, 1185 = 5*a - 5*v. Suppose -22*b + 18*b = -3*p + 175, -4*p + 5*b = -a. Calculate the remainder when p is divided by 11.
6
Let i(y) = -217*y + 231*y - 19 - 83. What is the remainder when i(9) is divided by 13?
11
Let u be 2/3 - (-3424)/48. Suppose 80 = 5*h + 3*p - 29, -4*p = 3*h - u. Suppose -4 + 120 = 2*i. What is the remainder when i is divided by h?
18
Let t = 129 - 68. Let h be (695/15 + 6/3)*-42. What is the remainder when t is divided by (-6)/(-21) - h/98?
19
Suppose 10*y - 627 = 633. Let x = y - 116. What is the remainder when x is divided by 6?
4
Let j(p) = -3*p**3 + 4*p**3 + 5 - 7*p + 3*p**2 - 5*p**2. Let f be j(4). What is the remainder when 25 is divided by f - (44/55)/((-2)/(-5))?
4
Calculate the remainder when 525 is divided by (55/25)/(5/75).
30
Suppose -130*v + 165 + 1915 = 0. Let j(u) = 18*u**2 - u - 2. What is the remainder when j(3) is divided by v?
13
Suppose 505 = 28*z - 15903. Calculate the remainder when 1776 is divided by z.
18
Suppose -47705*j - 130 = -47718*j. What is the remainder when 11657 is divided by j?
7
Suppose -137*y = 144*y - 265*y - 384. Calculate the remainder when 181 is divided by y.
13
Let p = 2186 - 2139. Calculate the remainder when 2488 is divided by p.
44
Suppose 4*n + 14 = 94. Let a = n - 9. Let z = -25773 + 25794. What is the remainder when z is divided by a?
10
Let m(o) = 20*o**2 - 33*o - 141. Calculate the remainder when m(6) is divided by 335.
46
Suppose -5*w - x + 102 = 0, 3*w + 5*x = 60 - 12. Let q(i) = i + 1. Suppose 2*c = 15 - 1. What is the remainder when w is divided by q(c)?
5
Let f(m) = 36*m - 3238. What is the remainder when 1580 is divided by f(90)?
0
Let o(t) be the third derivative of 5*t**4/24 - 25*t**3/6 + 20*t**2. Let a be o(10). Calculate the remainder whe